k(b) be the first derivative of b**4/12 + b**3/2 + b**2/2 - b + 2. Let w(l) be the first derivative of k(l). What is w(-4)?
5
Let f(l) = 276*l + 7 - 275*l - 21. Give f(11).
-3
Suppose -4*n + 1 = -3*n. Let o(g) = -g**2 + 6*g**3 - 1 - g**2 + 5*g**3 + 2*g. What is o(n)?
10
Let v(r) be the first derivative of r**2 + 0*r - 1/6*r**3 + 1/24*r**4 + 2. Let b(h) be the second derivative of v(h). Calculate b(3).
2
Let l(r) = -r - 16. Let u(k) = -3*k + 22. Let g be u(10). Determine l(g).
-8
Let b(p) = p + 1. Let i = -36 + 30. Calculate b(i).
-5
Let l(a) = a**3 - 2*a**2 + 3*a - 3. Suppose -2*x = -9 + 27. Let f(o) = -o**2 - 9*o + 2. Let d be f(x). What is l(d)?
3
Let j(p) be the second derivative of p**3/6 + 23*p. Determine j(0).
0
Let y(w) be the third derivative of -1/60*w**5 - 7/24*w**4 + 0*w - 2*w**2 + 0 - 7/6*w**3. Let s be 1/((-1)/(-10)*-2). Determine y(s).
3
Let v(f) = 3*f - 1. Let j(h) = 16*h - 5. Let q(l) = 2*j(l) - 11*v(l). Let g be (2/(-4))/((-1)/(-6)). Calculate q(g).
4
Let s(i) = 3*i**2 - i - 1. Suppose -4*k + 28 = 4*g, -18 - 1 = -3*g - k. Let d = -2 + g. Suppose f + c + d = 0, -2*f = c + 1 + 4. Calculate s(f).
3
Let z(b) = 5*b**2 - 1. Suppose 5*v - q = 0, 3*v - 3*q = 2*q + 22. Determine z(v).
4
Let d(c) = -11*c**2 + 0 + c**3 + 10*c**2 + 0 + 2*c. Determine d(2).
8
Suppose 0 + 24 = d. Suppose 8 = -4*v + d. Let b(g) = 2*g. What is b(v)?
8
Let r(u) = -2*u**2. Let x(a) be the third derivative of -a**5/12 - 4*a**2. Let v(h) = -5*r(h) + 3*x(h). Let c(y) = 2*y**3 - y. Let m be c(-1). Determine v(m).
-5
Let l(t) = 6*t**2 - 29*t - 32. Let j(v) = -2*v**2 + 10*v + 11. Let r(q) = -11*j(q) - 4*l(q). Determine r(5).
-13
Let c = 6 - 3. Let k(o) be the third derivative of o**6/120 - o**5/15 + o**4/24 - 2*o**3/3 - 8*o**2. What is k(c)?
-10
Let o be (-1 - 2)/((-3)/2). Let h(s) be the third derivative of 4*s**2 + 0*s**3 + 0*s - 1/20*s**5 + 0 + 1/120*s**6 - 1/24*s**4. Calculate h(o).
-6
Let l(c) = c**2 - 3 + 0*c**2 + 5*c + c**2. Suppose -177*s = -175*s + 8. Determine l(s).
9
Let b(r) = 10*r + 2*r**2 - 4*r - 9 - 6 + 21. What is b(-4)?
14
Let j(i) = 10*i - 1 + 3 - 13*i. Calculate j(-4).
14
Let d be (-1)/((10/(-4))/(-5)). Let i(y) = -y**3 - y**2 + 3*y + 2. Let x be i(d). Let r(c) = -c**3 + c**2 + c - 1. Calculate r(x).
-1
Let s = 10 + -8. Suppose 3*t + 11 = 5*h, 7*t - 23 = -2*h + s*t. Suppose -19 = -5*k - 5*x - h, 0 = 5*k - 5*x + 25. Let p(v) = -9*v**2 + 1. Calculate p(k).
-8
Let p(z) = 3*z - 2. Let a(j) = -3*j + 2. Let l(x) = -5*a(x) - 6*p(x). Give l(-3).
11
Let j(a) = -5*a**2 - a - 1. Let r = -8 + 13. Suppose 5*g - r = 15. Suppose 2*u + 8 = -0*u, -5*h - 21 = g*u. What is j(h)?
-5
Let y(v) = -1 + 0*v - 6*v + 5*v. What is y(6)?
-7
Let t(r) = r**2 + 2*r - 3. Suppose 0 = -2*k + 4*d + 208, 2*k - 2*d + 112 = 3*k. Let q be (-4)/18 - 300/k. Give t(q).
0
Let k(o) be the second derivative of -o**3/3 - 2*o**2 - 9*o. Give k(-5).
6
Let a(k) = -4*k**3 - 22*k**2 - 8*k - 18. Let n(p) = p**3 + 7*p**2 + 3*p + 6. Let z(r) = 2*a(r) + 7*n(r). Give z(6).
0
Let r be (3/6)/((-2)/12). Let p(f) = f**3 + 2*f**2 - 2*f - 4. What is p(r)?
-7
Let v(m) = m**2 + 5*m - 3. Suppose -22 = 5*c - 0*a - 3*a, -5*a = 5*c + 30. Give v(c).
-3
Let o(a) = a + 1. Let t be o(4). Suppose 2*n = 5*i - 10 - 11, t*i - 12 = -n. Let v(k) = -1 + 4*k - 4 + i. Calculate v(2).
6
Let w(v) = -2*v**2 - 4*v + 11. Suppose -12 - 10 = -2*k. Let n(d) = d**2 + 2*d - 6. Let p(j) = k*n(j) + 6*w(j). What is p(-2)?
0
Let w(v) = -v**2 + 5*v - 1. Let i be (-10)/3*45/(-25). Calculate w(i).
-7
Let t(z) = 2*z**2 + 7*z + z**3 + 2 - 9*z - 6. Calculate t(-3).
-7
Let r(u) = -u**3 + 7*u**2 - 2*u + 2. Let b(s) = 3*s**3 - 15*s**2 + 5*s - 4. Let v(q) = -2*b(q) - 5*r(q). What is v(-4)?
-18
Let j(z) = 0*z**2 - 3 - 3*z**2 - 1 + z**3. Give j(3).
-4
Let c(t) = -5*t**2 + 9*t - 4. Let q(k) = -9*k**2 + 17*k - 7. Let u(z) = 11*c(z) - 6*q(z). Let n = 13 + -1. Suppose 3*r = -r - n. Determine u(r).
-2
Let n(k) = 29*k - 11. Suppose 2 = a - 6*a - 4*f, 18 = 3*a - 4*f. Let v(l) = -6*l + 2. Let q(p) = a*n(p) + 11*v(p). What is q(-1)?
8
Let z(d) be the first derivative of 4*d + 5 + 2*d**2 + 2/3*d**3. Suppose 0 = 2*k + 6. Give z(k).
10
Let i = 8 - 8. Suppose i = 4*k + 12, g - 4*k - 18 = 3*g. Let v(m) = m**3 + 4*m**2 - m - 1. Calculate v(g).
11
Let s(w) = -11*w**2 - 3. Let t(f) = -120*f**2 - 32. Let d(x) = 32*s(x) - 3*t(x). Give d(-1).
8
Let p(m) = m**3 + 4*m**2 - m - 4. Let k = -1 + 3. Suppose 0*b + 22 = -3*o + k*b, -5*b = -25. Give p(o).
0
Suppose 26 = -r - 3*r + 2*k, -3*r - 9 = 2*k. Let h(b) = 0 - 2 - 2*b - 5. Give h(r).
3
Let d(t) = -2*t. Let s(q) = q - 1. Let c = 7 - 8. Let p(v) = c*d(v) + 2*s(v). What is p(2)?
6
Let g(m) = -m**2 - m. Let f(h) = h**3 + 5*h**2 + 5*h + 1. Let v(n) = -2*f(n) - 6*g(n). Calculate v(-2).
6
Suppose -3*o + 12 = -4*g, 2*g - o = 4*o + 8. Let c = 1 + g. Let b(v) = -v**2 - 8*v - 7. Give b(c).
8
Let j(a) = -a**2 + 3*a + 3. Let h be j(-1). Let f(m) = -m**3 + m**2 + 1. Let g(s) = 3*s**3 + s**3 - 2*s**3 - 2. Let n(u) = -3*f(u) - 2*g(u). What is n(h)?
-1
Let r(o) be the second derivative of -o**3/6 + 13*o**2/2 - 23*o. Calculate r(9).
4
Let f(k) = k**3 - 13*k**2 + 10*k + 19. Let i be f(12). Let l(b) = -7*b + 12. Let q(g) = 3*g - 6. Let z(u) = 4*l(u) + 9*q(u). Give z(i).
-1
Let r be (-1 + 2)*15/(-3). Suppose -4*k - 1 = -9. Let h(q) = -6*q + 6 + 13*q + k*q**2 - q**3 - 6*q**2. Calculate h(r).
-4
Let r(t) = t - 3 - 2*t - 2*t. Let i be r(-2). Let o(x) be the first derivative of x**4/4 - 4*x**3/3 + x**2 + 3*x - 1. Determine o(i).
0
Let u = 0 + 0. Suppose 3*r - 6 = 0, 6*r - 2*r = 3*d - 1. Let v = d + u. Let t(k) = -2*k**2 + 3*k + 3. Calculate t(v).
-6
Let i(l) be the second derivative of l**4/12 + 3*l**3/2 - 4*l**2 - 44*l - 2. What is i(-8)?
-16
Let j(a) = -7*a + 3*a + 3*a**2 + 1 + 2*a + a**3. Let z(q) = q + 2. Let g be z(-6). Determine j(g).
-7
Let p = -2 - 2. Let u(j) be the third derivative of -j**4/12 + j**3/6 + 5*j**2. Give u(p).
9
Let m(i) = i**3 + 2*i**2 - i - 1. Suppose -3*x + 0 + 10 = 5*n, 5*n + 4*x - 15 = 0. What is m(n)?
1
Suppose -f + 10 = -4*s, 2*f - 31 = -3*s - 0*s. Let o = f - 8. Let i(y) = -2*y + 2. Give i(o).
-10
Let v(i) = -i**2 + 5*i - 1. Let j(z) = -2*z**2 - 11*z - 1. Let f be j(-5). What is v(f)?
3
Let z(g) be the second derivative of g**3/2 + 3*g**2/2 + g. Let f be -2*(12/(-8))/1. Give z(f).
12
Let b(x) = 0 - 2 + x - 6 + 0*x. Give b(6).
-2
Let u(m) = 5*m**3 - 8*m**2 + 0 - 6 + 8*m + 0*m**2 - 4*m**3. Give u(7).
1
Suppose -5*g = -2*g. Let x = 2 - g. Let r(o) = x*o**2 + 4*o - 3*o - o**3 + 2*o - 4. What is r(3)?
-4
Let d(f) be the third derivative of -f**5/60 - 5*f**4/24 - 2*f**3/3 - 3*f**2. Determine d(-3).
2
Let m be (5 - (-9)/(-3)) + 4. Suppose 4*k = m*k - 2. Let n(a) = -a - 1. Let p(r) = r**3 + r**2 + 5*r + 6. Let o(d) = 6*n(d) + p(d). What is o(k)?
1
Let x(z) = -z**2 - z + 4. Let q(h) = 2*h + 13. Let c be q(-10). Let k = 3 + c. What is x(k)?
-8
Let g(z) = z + z**2 - 5*z + 3*z - 2 + 2*z. What is g(-3)?
4
Let i(p) be the first derivative of -p**7/840 - p**6/90 + p**5/30 - 7*p**4/24 + p**3 - 1. Let s(v) be the third derivative of i(v). Give s(-5).
-2
Let b(o) = -o**3 + 10*o**2 - 9*o. Let v be (-9)/(-4)*-2*-2. Let w be b(v). Let l(s) = s**2 + 10. Calculate l(w).
10
Let d(k) = -k + 3. Let m = 44 - 48. What is d(m)?
7
Let h = 86 + -88. Let i(v) = -3*v + 1. Determine i(h).
7
Let d(m) = -5*m - 2 + m**2 - 3*m**2 + 0*m**2 + m**2. Let c = 4 - 9. Calculate d(c).
-2
Let t(g) = 3*g**3 - 1. Suppose -5*j - 1 = -3*u, j - 3*u = 4*j + 15. Let c be -8 + 1 + 3 + j. Let i(q) = q**3 + 7*q**2 + 6*q - 1. Let p be i(c). What is t(p)?
-4
Let m(k) = 2*k - 4. Let i be m(4). Let l(o) be the first derivative of -o**4/4 + o**3 + o**2 + 4*o - 12. What is l(i)?
-4
Let l(g) = g**2 - 6*g + 1. Let h = 57 + -13. Suppose 4*u - 5*z = -10*z - 30, -5*u - h = 3*z. Let j be (-6)/(-15) + (-36)/u. Determine l(j).
-7
Suppose 4*n - 3*v = 55, 5 = 4*n + 2*v - 25. Let o be 46/(-10) - 4/n. Let b(t) = -t**2 - 4*t - 4. Give b(o).
-9
Suppose 0*y + 2*y + 4 = -o, -y + o - 5 = 0. Let d = y - -6. Let k(z) = z**2 - 4. What is k(d)?
5
Let l(a) be the third derivative of 0*a + 5/24*a**4 - 4*a**2 - 1/6*a**3 + 0. What is l(1)?
4
Let s(r) be the second derivative of r**4/12 + 5*r**3/3 + 4*r**2 + 10*r. Calculate s(-6).
-16
Let a(r) be the first derivative of 3 - 1/2*r**2 - 3*r. Suppose 3*q = 